ed by 67?
66
What is the remainder when 3609962 is divided by 23?
20
Calculate the remainder when 10670 is divided by 276.
182
Calculate the remainder when 168279 is divided by 5.
4
Calculate the remainder when 7447 is divided by 1858.
15
Calculate the remainder when 487509 is divided by 183.
180
Calculate the remainder when 45046 is divided by 123.
28
Calculate the remainder when 865 is divided by 285.
10
Calculate the remainder when 423213 is divided by 17.
15
Calculate the remainder when 14522 is divided by 445.
282
Calculate the remainder when 9337 is divided by 8665.
672
What is the remainder when 5977 is divided by 44?
37
Calculate the remainder when 11639 is divided by 2315.
64
What is the remainder when 11366 is divided by 1623?
5
Calculate the remainder when 125953 is divided by 933.
931
What is the remainder when 2268249 is divided by 84?
81
What is the remainder when 176559 is divided by 58827?
78
Calculate the remainder when 57965 is divided by 3044.
129
What is the remainder when 23158 is divided by 66?
58
Calculate the remainder when 32611 is divided by 10862.
25
Calculate the remainder when 11 is divided by 3.
2
What is the remainder when 11946 is divided by 48?
42
Calculate the remainder when 168032 is divided by 12002.
4
What is the remainder when 429608 is divided by 1074?
8
What is the remainder when 594 is divided by 252?
90
What is the remainder when 33793 is divided by 192?
1
What is the remainder when 3752973 is divided by 750593?
8
What is the remainder when 2257 is divided by 133?
129
Calculate the remainder when 8251 is divided by 1786.
1107
What is the remainder when 572514 is divided by 92?
90
What is the remainder when 4434 is divided by 193?
188
What is the remainder when 7295 is divided by 456?
455
What is the remainder when 29074 is divided by 1315?
144
What is the remainder when 885 is divided by 222?
219
What is the remainder when 374243 is divided by 12?
11
What is the remainder when 18947 is divided by 1577?
23
Calculate the remainder when 1880 is divided by 166.
54
What is the remainder when 281 is divided by 222?
59
What is the remainder when 131615 is divided by 1097?
1072
What is the remainder when 9760 is divided by 105?
100
What is the remainder when 775 is divided by 82?
37
What is the remainder when 7349 is divided by 171?
167
What is the remainder when 4462 is divided by 1276?
634
Calculate the remainder when 216 is divided by 93.
30
Calculate the remainder when 95721 is divided by 219.
18
What is the remainder when 704646 is divided by 28?
26
Calculate the remainder when 9797 is divided by 3259.
20
Calculate the remainder when 26792 is divided by 225.
17
Calculate the remainder when 1184 is divided by 6.
2
Calculate the remainder when 637503 is divided by 10625.
3
What is the remainder when 112451 is divided by 255?
251
What is the remainder when 2570 is divided by 2490?
80
Calculate the remainder when 181 is divided by 96.
85
What is the remainder when 54226 is divided by 21?
4
Calculate the remainder when 10980 is divided by 333.
324
Calculate the remainder when 3932 is divided by 48.
44
Calculate the remainder when 656 is divided by 60.
56
Calculate the remainder when 23604 is divided by 3372.
0
Calculate the remainder when 422654 is divided by 95.
94
What is the remainder when 140984 is divided by 28196?
4
Calculate the remainder when 18283 is divided by 2028.
31
Calculate the remainder when 57705 is divided by 10.
5
What is the remainder when 44018 is divided by 61?
37
Calculate the remainder when 343978 is divided by 195.
193
Calculate the remainder when 79979 is divided by 31.
30
Calculate the remainder when 2557 is divided by 838.
43
What is the remainder when 26360 is divided by 755?
690
What is the remainder when 97861 is divided by 104?
101
Calculate the remainder when 36968 is divided by 18474.
20
What is the remainder when 59304 is divided by 20?
4
What is the remainder when 6232 is divided by 1691?
1159
What is the remainder when 927 is divided by 300?
27
What is the remainder when 2515 is divided by 18?
13
What is the remainder when 7801 is divided by 190?
11
What is the remainder when 21100 is divided by 274?
2
Calculate the remainder when 6629 is divided by 399.
245
What is the remainder when 1140118 is divided by 47?
39
What is the remainder when 26775 is divided by 75?
0
What is the remainder when 22413 is divided by 255?
228
What is the remainder when 17150 is divided by 1233?
1121
Calculate the remainder when 47765 is divided by 167.
3
Calculate the remainder when 108745 is divided by 174.
169
What is the remainder when 16505 is divided by 137?
65
What is the remainder when 43814 is divided by 2086?
8
What is the remainder when 15180 is divided by 3717?
312
Calculate the remainder when 158260 is divided by 157.
4
Calculate the remainder when 52795 is divided by 397.
391
What is the remainder when 6973 is divided by 49?
15
What is the remainder when 2697 is divided by 49?
2
What is the remainder when 33677 is divided by 11?
6
What is the remainder when 27933 is divided by 32?
29
What is the remainder when 32716 is divided by 667?
33
What is the remainder when 147 is divided by 74?
73
Calculate the remainder when 2680 is divided by 84.
76
What is the remainder when 19892 is divided by 1139?
529
Calculate the remainder when 626 is divided by 134.
90
What is the remainder when 48089 is divided by 391?
387
Calculate the remainder when 201759 is divided by 123.
39
Calculate the remainder when 17452 is divided by 587.
429
What is the remainder when 67018 is divided by 46?
42
What is the remainder when 5653 is divided by 808?
805
Calculate the remainder when 17147 is divided by 1558.
9
Calculate the remainder when 20310 is divided by 243.
141
Calculate the remainder when 114068 is divided by 291.
287
Calculate the remainder when 37040 is divided by 87.
65
What is the remainder when 33882 is divided by 8469?
6
Calculate the remainder when 5789 is divided by 586.
515
What is the remainder when 11543 is divided by 525?
518
Calculate the remainder when 243817 is divided by 42.
7
Calculate the remainder when 2141 is divided by 419.
46
What is the remainder when 97907 is divided by 547?
541
What is the remainder when 35123 is divided by 11678?
89
What is the remainder when 50735 is divided by 77?
69
What is the remainder when 56923 is divided by 214?
213
What is the remainder when 129585 is divided by 137?
120
Calculate the remainder when 2449 is divided by 350.
349
Calculate the remainder when 10283 is divided by 570.
23
What is the remainder when 1681 is divided by 256?
145
What is the remainder when 7373 is divided by 1226?
17
Calculate the remainder when 6439 is divided by 70.
69
What is the remainder when 1393154 is divided by 1119?
1118
Calculate the remainder when 9621 is divided by 789.
153
Calculate the remainder when 1411498 is divided by 57.
7
Calculate the remainder when 356642 is divided by 63.
62
What is the remainder when 361821 is divided by 1489?
1483
What is the remainder when 7130 is divided by 3547?
36
Calculate the remainder when 25864 is divided by 60.
4
Calculate the remainder when 11031 is divided by 76.
11
What is the remainder when 709407 is divided by 118?
109
Calculate the remainder when 3875 is divided by 678.
485
Calculate the remainder when 137529 is divided by 157.
154
What is the remainder when 3704 is divided by 1851?
2
Calculate the remainder when 27562 is divided by 13768.
26
What is the remainder when 9739 is divided by 1390?
9
Calculate the remainder when 55408 is divided by 85.
73
What is the remainder when 84230 is divided by 130?
120
What is the remainder when 133325 is divided by 31?
25
What is the remainder when 6199 is divided by 124?
123
Calculate the remainder when 24714 is divided by 4.
2
Calculate the remainder when 64718 is divided by 116.
106
Calculate the remainder when 539822 is divided by 150.
122
Calculate the remainder when 72158 is divided by 205.
203
Calculate the remainder when 1265 is divided by 590.
85
What is the remainder when 23904 is divided by 5974?
8
What is the remainder when 6849 is divided by 24?
9
What is the remainder when 72390 is divided by 329?
10
What is the remainder when 22000 is divided by 646?
36
What is the 